4*o + 28 = 4*d. Does 21 divide 249/d - (-15)/20?
True
Suppose -325 = -l + 3*v + 2*v, -4*l - 5*v = -1200. Suppose 4*g + g - 3*m - l = 0, 3*g - 183 = -4*m. Is 26 a factor of g?
False
Suppose 0 = 3*w - a - 12, 0 = 4*w + 3*a - 17 + 1. Let n(z) = z**2 - 2*z**2 + 0*z**2 - z + 3*z**2 + 5. Does 16 divide n(w)?
False
Suppose -k = -4*q - 2678, 5 = 40*q - 41*q. Is k a multiple of 42?
False
Let h = -789 + 2235. Is h a multiple of 13?
False
Let z(y) = y**3 - 11*y**2 - 5*y - 40. Suppose 0 = 4*t + 4*b - 60, 0 = -4*t + 5*b + 33. Does 8 divide z(t)?
False
Is ((-1117)/(-8))/(10/(-480)*-6) a multiple of 15?
False
Let l(c) = -17*c + 54. Is 26 a factor of l(-6)?
True
Suppose -3*f = -u + 3*u - 6, -u = 2*f - 4. Suppose -174 = 3*m - 6*m + 3*l, -3*l = -f*m + 118. Is 5 a factor of m?
False
Let p(b) = 28*b**3 - 4*b**2 + 20*b - 6. Does 17 divide p(4)?
True
Let x = -17 + 22. Is 45*(-4)/x*-2 a multiple of 36?
True
Suppose -19 = -4*a - b, 0 = -2*a + 3*b + 23 + 4. Suppose -54 = -4*w + a. Let n = w - -30. Is n a multiple of 15?
True
Let m be (-2 + 4)*1 + 178. Suppose 0 = r - 4*r + m. Suppose 3*k - 21 = r. Does 9 divide k?
True
Suppose -8*u + 10 = -102. Suppose -p - u = -3*k + 20, -k + 5*p + 2 = 0. Is 3/(-12) + 483/k a multiple of 10?
True
Suppose -12*x = -13*x + 5. Suppose -a = x*j - 110, 2*a - 104 = a - 2*j. Is a a multiple of 10?
True
Let w(o) = -112*o + 216. Is w(-12) a multiple of 24?
True
Let r(f) be the third derivative of 15*f**2 + 0*f + 0 + 5/24*f**4 + 3/2*f**3. Does 6 divide r(3)?
True
Let f be 15/(-12) - (-1)/4. Is (2 + f)*(27 - -6) a multiple of 11?
True
Let a(m) = -m**3 - 8*m**2 + 9*m + 7. Let r be a(-9). Let z = r + -9. Is 6 a factor of z/(-6) + 855/27?
False
Let k(s) = -s + 5. Let u be k(5). Let p be (-1)/(3/6 - 1). Suppose u = -3*v - p*v + 110. Does 7 divide v?
False
Let k = -397 - -267. Let l = 76 + k. Does 19 divide (-2)/(-3)*(3 - l)?
True
Let w(q) = -5*q - 7*q + 3*q - 36. Does 21 divide w(-11)?
True
Suppose -5*j = 3*p - 58, 0 = -p + 6*p - j - 134. Let r(f) = f**2 - 3*f - 2. Let v be r(6). Let m = p - v. Is 6 a factor of m?
False
Suppose -b = 3, 0 = 4*z + b + 14 - 59. Suppose d - k = k + z, 69 = 4*d - k. Suppose -5*i = d - 78. Does 2 divide i?
True
Let f(j) be the third derivative of -5*j**4/24 + 3*j**3/2 - 5*j**2. Let n be f(7). Let h = 61 + n. Does 19 divide h?
False
Let t be 304/(-14) + (-10)/35. Let h = t + 23. Is 5 a factor of 0 + -3 + h - -26?
False
Suppose -j + 5*s + 146 = 0, j - s = -31 + 189. Is 22 a factor of j?
False
Let z be (-264)/(-42) - (-2)/(-7). Let j(i) = i**2 - 5*i + 3. Let s be j(z). Suppose -q + 9 = -s. Is q a multiple of 6?
True
Let c = 42 - 37. Let y = c - -51. Does 21 divide y?
False
Suppose -6 = 3*l, -3*p - 5*l + 949 + 712 = 0. Is 8 a factor of p?
False
Suppose 23*a - 273 = 20*a. Does 22 divide a?
False
Let f = -18 + 24. Does 42 divide 9/f*(-40)/(-45)*51?
False
Let z(f) = 43*f - 38. Is 12 a factor of z(6)?
False
Let a be 3/(4/((-16)/(-3))). Suppose -2*l + a*l = 0. Suppose -q = -2*c - l*q + 114, -4*q = 3*c - 149. Is c a multiple of 12?
False
Suppose 0 = 5*s - 3*i + 428, 0 = s - 2*i + 50 + 30. Let b = s + 237. Suppose 6*v - 2*v + 4*m = 140, b = 4*v - 5*m. Is 12 a factor of v?
True
Let g(d) be the second derivative of 8*d**3/3 + 3*d**2/2 - 20*d. Is 15 a factor of g(1)?
False
Let j be -10*(3 + 182/(-10)). Suppose 9*o + j = 5*o. Let g = 68 + o. Is g a multiple of 15?
True
Let d(m) = -65*m - 54*m - 1 + 33*m. Suppose 0 = 5*n - 20, 5*n - 24 = 2*p + 2*p. Is 29 a factor of d(p)?
False
Suppose p = 0, -5*m = 5*p - 1392 - 2318. Suppose -6*d - d + m = 0. Is 15 a factor of d?
False
Suppose 0 = -24*f + 19916 + 100. Does 29 divide f?
False
Let j be 34572/66 + (-4)/(-22). Suppose 4*g = -4*v - j, -522 = 4*v - 0*g + 5*g. Let w = -76 - v. Is 17 a factor of w?
False
Suppose 3*n - 14 = -x, -5*x = 6*n - 2*n - 48. Suppose 4*j = -0*j - x. Is 7 a factor of (102/(-12))/(j/4)?
False
Let i be 8/(-14) + 2836/14. Suppose 4*p = -k + 122, -5*k + 488 + i = 4*p. Is k a multiple of 17?
False
Let r(n) = 0*n**3 - 14 + 14*n**2 + 8*n**3 + 2*n**3 - 11*n**3 + 5*n. Does 13 divide r(14)?
False
Let h(c) = -c**3 + 23*c**2 - 5*c + 18. Is 12 a factor of h(-6)?
True
Let g = 24 - 31. Let x(v) = v**3 + 8*v**2 + 3*v + 10. Let d be x(g). Let t = d - -17. Does 11 divide t?
True
Let l(d) = -6*d - 23*d + 6*d - 9. Let p be l(-8). Suppose -p = -5*j + 4*x, -2*j = x - 47 - 10. Does 8 divide j?
False
Let j(z) = -2*z - 4*z - 1 + 2*z + z**2. Let h be j(6). Suppose 0*o - h = -o - 5*q, 2*o - 43 = -3*q. Is 13 a factor of o?
True
Does 10 divide (-2412)/(-14) + (1 - (-36)/(-28))?
False
Suppose -1470*m + 1457*m = -13728. Is m a multiple of 33?
True
Let r be -3 + 1/(-1 + 648/652). Let q = r - -344. Does 17 divide q?
False
Suppose 2*u - 10 = 0, -4*u + 13800 = 2*k + 3*k. Is 125 a factor of k?
False
Suppose 13*n = 7*n - 156. Let i = 37 - n. Is i a multiple of 9?
True
Is 3 a factor of (24/(-28))/((-6)/21) + 14?
False
Suppose -26 = -18*x + 5*x. Suppose u + x*h = -h + 103, 0 = u - 3*h - 97. Is u a multiple of 5?
True
Suppose 5*g + b - 25 = -145, -95 = 5*g - 4*b. Let f = 50 - g. Does 14 divide f?
False
Suppose -5*y = -q + 554, 4*q - 2325 = 2*y - 199. Does 26 divide q?
False
Let f(l) = -30*l - 11. Does 8 divide f(-11)?
False
Is 8 a factor of (-63)/(-4) - ((-35)/(-20) - 2)?
True
Suppose 0 = -4*j - 5*r + 6646, 39*r + 3322 = 2*j + 42*r. Is j a multiple of 16?
True
Suppose -5*f - 27 = v, -3*v + 15 = 2*v. Is ((-21)/f)/((-4)/(-56)) a multiple of 20?
False
Let t(h) = h**3 - 5*h**2. Let d(w) = -w**3 + 5*w**2 + w - 1. Let c be (10/15)/(6/27). Let k(y) = c*d(y) + 2*t(y). Is 2 a factor of k(5)?
True
Suppose 2*a = -4*f + 891 + 297, f = 2*a - 1163. Does 73 divide a?
True
Suppose 0 = 5*p - 2*p - 297. Suppose 2*k = 5*w + 130, -p = 3*w - 3*k + 6*k. Is w/10*(-5)/2 a multiple of 2?
False
Suppose 5*v - 6*v = -10800. Does 45 divide (-4)/26 - v/(-65)?
False
Suppose 0 = -2*f - 3*f + 15. Suppose -f*o + 16 = -o. Is 2 a factor of o?
True
Is (-296)/518*1/((-2)/511) a multiple of 13?
False
Suppose -44*k - 5529 = -47*k. Does 12 divide k?
False
Let g = -5 - -10. Suppose 0*d + 3*d - 6 = 0. Suppose -2*j - d*j = -5*c - 40, -g*j + 4*c = -59. Is j a multiple of 12?
False
Let w(j) = j**3 + 9*j**2 + 13*j - 3. Let x be w(-7). Suppose 0 = p - 3*v + 6*v - 158, 632 = x*p + v. Is p a multiple of 28?
False
Suppose 6*l - 90 = l. Let z be (-80)/(-36) + (-4)/l. Suppose z*m - 148 = -2*m. Does 19 divide m?
False
Let m(g) = g**3 + 5*g**2 - 7*g + 6. Suppose 5*k - 29 = 2*l, 0*l = -3*k + 4*l + 23. Suppose 2*a = -2*u + a - 15, 5*u + 45 = -k*a. Is 4 a factor of m(u)?
True
Let n be 20/(12/(-3)) + 7. Suppose -4*o + w - 105 = -9*o, 4*o + n*w = 84. Is o a multiple of 10?
False
Let x(t) be the first derivative of t**4/4 + 14*t**3/3 - t**2 + 21*t + 48. Is 50 a factor of x(-13)?
False
Is (-26)/(-65)*(43 - -2) a multiple of 11?
False
Suppose 2 = -h - 5*k + 10, 2*k + 10 = 4*h. Suppose p - 109 = -3*n, -4*n + h*p + 140 = -1. Is n a multiple of 12?
True
Let s(b) = -3*b - 40. Let k(z) = -4*z - 60. Let x(g) = -5*k(g) + 7*s(g). Let y be x(0). Let h = 33 - y. Is h a multiple of 9?
False
Let i(y) be the first derivative of y**3/3 + 4*y**2 + 6*y - 9. Let j be (-4)/((-2)/2*1). Does 9 divide i(j)?
True
Suppose -612*a + 620*a - 8352 = 0. Is a a multiple of 9?
True
Let x be (-2)/(-2 - 32/(-20)). Suppose x*c + 14 = 5*z - 26, 5*c = 20. Is 7 a factor of z?
False
Suppose 3*m + 0 + 19 = 2*o, 0 = -4*o - m + 3. Let z(l) = -l**3 + 3*l**2 - 1. Let p be z(o). Is 50/p + (-5)/(-15) a multiple of 10?
False
Let v = 62 - 116. Let p = v + 79. Is 16 a factor of p?
False
Suppose 0 = -62*t - 4017 + 85299. Is t a multiple of 57?
True
Suppose y - 3538 = -2*h, 2*h - 10618 = -y - 2*y. Suppose 13*t - y = 373. Is 35 a factor of t?
False
Let m = 11 - 11. Suppose -5*d + 4*f - 25 = 5*f, 2*d + 4*f + 28 = m. Let t = 31 - d. Is t a multiple of 20?
False
Let z = 363 + -288. Does 5 divide z?
True
Suppose 7*d - 3*d - 9*d = 0. Suppose 4*i - 4*s + 0*s - 892 = d, -2*i - 4*s = -422. Does 32 divide i?
False
Suppose -54 = -5*v - 4*n - 179, 0 = 2*n. Let j(a) = a**2 - 4. Let x be j(9). Let p = x + v. Does 13 divide p?
True
Suppose -h = 3*c - 2020, -c + 2*h + 287 = -384. Suppose p + c = 5*m - 414, 3*p + 6 = 0. Is 31 a factor of m?
True
Let n be (-2 - -3) + 2 + -11. Let r be 2*4/n + 2. Suppose 92 = 4*k + u, -13 + r = 3*u. D